{"id":1486,"date":"2025-07-31T14:15:03","date_gmt":"2025-07-31T14:15:03","guid":{"rendered":"http:\/\/rudolf-grothues.de\/?page_id=1486"},"modified":"2025-07-31T16:01:22","modified_gmt":"2025-07-31T16:01:22","slug":"kommunalwahl-14-09-2025","status":"publish","type":"page","link":"http:\/\/rudolf-grothues.de\/?page_id=1486","title":{"rendered":"Kommunalwahl 14.09.2025"},"content":{"rendered":"\n<p><strong><mark style=\"background-color:rgba(0, 0, 0, 0)\" class=\"has-inline-color has-vivid-red-color\">F\u00fcr eine lebenswerte, charmante Stadt <\/mark><\/strong><\/p>\n\n\n\n<p>Am 14. September 2025 trete ich wieder f\u00fcr den Wahlbezirk 8 in Beckum als Ratskandidat an: Ich selbst wohne im Beckumer S\u00fcden und hier liegt auch mein Wahlbezirk. Damit alle auch zuk\u00fcnftig in unserer Stadt gut leben k\u00f6nnen, setze ich mich vor allem f\u00fcr folgende Schwerpunktthemen ein:<br><\/p>\n\n\n\n<figure class=\"wp-block-image size-full is-resized is-style-rounded\"><img loading=\"lazy\" decoding=\"async\" width=\"900\" height=\"900\" src=\"http:\/\/rudolf-grothues.de\/wp-content\/uploads\/2025\/07\/spd-beckum-plakat-nur-bilder-zuschnitt-seite-08-900x900-1.jpg\" alt=\"\" class=\"wp-image-1496\" style=\"width:500px\" srcset=\"http:\/\/rudolf-grothues.de\/wp-content\/uploads\/2025\/07\/spd-beckum-plakat-nur-bilder-zuschnitt-seite-08-900x900-1.jpg 900w, http:\/\/rudolf-grothues.de\/wp-content\/uploads\/2025\/07\/spd-beckum-plakat-nur-bilder-zuschnitt-seite-08-900x900-1-300x300.jpg 300w, http:\/\/rudolf-grothues.de\/wp-content\/uploads\/2025\/07\/spd-beckum-plakat-nur-bilder-zuschnitt-seite-08-900x900-1-150x150.jpg 150w, http:\/\/rudolf-grothues.de\/wp-content\/uploads\/2025\/07\/spd-beckum-plakat-nur-bilder-zuschnitt-seite-08-900x900-1-768x768.jpg 768w\" sizes=\"auto, (max-width: 900px) 100vw, 900px\" \/><\/figure>\n\n\n<style>.wp-block-kadence-iconlist.kt-svg-icon-list-items1486_06e437-a2:not(.this-stops-third-party-issues){margin-top:0px;margin-bottom:0px;}.wp-block-kadence-iconlist.kt-svg-icon-list-items1486_06e437-a2 ul.kt-svg-icon-list:not(.this-prevents-issues):not(.this-stops-third-party-issues):not(.tijsloc){margin-top:0px;margin-right:0px;margin-bottom:var(--global-kb-spacing-sm, 1.5rem);margin-left:0px;}.wp-block-kadence-iconlist.kt-svg-icon-list-items1486_06e437-a2 ul.kt-svg-icon-list{grid-row-gap:5px;}.wp-block-kadence-iconlist.kt-svg-icon-list-items1486_06e437-a2 ul.kt-svg-icon-list .kt-svg-icon-list-item-wrap .kt-svg-icon-list-single{margin-right:10px;}.kt-svg-icon-list-items1486_06e437-a2 ul.kt-svg-icon-list .kt-svg-icon-list-level-0 .kt-svg-icon-list-single svg{font-size:20px;}<\/style>\n<div class=\"wp-block-kadence-iconlist kt-svg-icon-list-items kt-svg-icon-list-items1486_06e437-a2 kt-svg-icon-list-columns-1 alignnone\"><ul class=\"kt-svg-icon-list\"><style>.kt-svg-icon-list-item-1486_d56847-e7 .kt-svg-icon-list-text mark.kt-highlight{background-color:unset;font-style:normal;color:#f76a0c;-webkit-box-decoration-break:clone;box-decoration-break:clone;padding-top:0px;padding-right:0px;padding-bottom:0px;padding-left:0px;}<\/style>\n<li class=\"wp-block-kadence-listitem kt-svg-icon-list-item-wrap kt-svg-icon-list-item-1486_d56847-e7\"><span class=\"kb-svg-icon-wrap kb-svg-icon-fe_checkCircle kt-svg-icon-list-single\"><svg viewBox=\"0 0 24 24\"  fill=\"none\" stroke=\"currentColor\" stroke-width=\"2\" stroke-linecap=\"round\" stroke-linejoin=\"round\" xmlns=\"http:\/\/www.w3.org\/2000\/svg\"  aria-hidden=\"true\"><path d=\"M22 11.08V12a10 10 0 1 1-5.93-9.14\"\/><polyline points=\"22 4 12 14.01 9 11.01\"\/><\/svg><\/span><span class=\"kt-svg-icon-list-text\">Ich setze mich f\u00fcr die St\u00e4rkung von Kultur, Ehrenamt und gemeinschaftlichem Engagement ein \u2013 denn gelebte Gemeinschaft ist das Fundament eines lebenswerten Miteinanders.<\/span><\/li>\n\n\n<style>.kt-svg-icon-list-item-1486_91bd38-2a .kt-svg-icon-list-text mark.kt-highlight{background-color:unset;font-style:normal;color:#f76a0c;-webkit-box-decoration-break:clone;box-decoration-break:clone;padding-top:0px;padding-right:0px;padding-bottom:0px;padding-left:0px;}<\/style>\n<li class=\"wp-block-kadence-listitem kt-svg-icon-list-item-wrap kt-svg-icon-list-item-1486_91bd38-2a\"><span class=\"kb-svg-icon-wrap kb-svg-icon-fe_checkCircle kt-svg-icon-list-single\"><svg viewBox=\"0 0 24 24\"  fill=\"none\" stroke=\"currentColor\" stroke-width=\"2\" stroke-linecap=\"round\" stroke-linejoin=\"round\" xmlns=\"http:\/\/www.w3.org\/2000\/svg\"  aria-hidden=\"true\"><path d=\"M22 11.08V12a10 10 0 1 1-5.93-9.14\"\/><polyline points=\"22 4 12 14.01 9 11.01\"\/><\/svg><\/span><span class=\"kt-svg-icon-list-text\">Sicherheit: Wir brauchen gut beleuchtete und \u00fcberwachte \u00f6ffentliche R\u00e4ume, starke Quartiersarbeit und eine enge Zusammenarbeit mit Polizei und Ordnungsamt.<\/span><\/li>\n\n\n<style>.kt-svg-icon-list-item-1486_458f5f-ba .kt-svg-icon-list-text mark.kt-highlight{background-color:unset;font-style:normal;color:#f76a0c;-webkit-box-decoration-break:clone;box-decoration-break:clone;padding-top:0px;padding-right:0px;padding-bottom:0px;padding-left:0px;}<\/style>\n<li class=\"wp-block-kadence-listitem kt-svg-icon-list-item-wrap kt-svg-icon-list-item-1486_458f5f-ba\"><span class=\"kb-svg-icon-wrap kb-svg-icon-fe_checkCircle kt-svg-icon-list-single\"><svg viewBox=\"0 0 24 24\"  fill=\"none\" stroke=\"currentColor\" stroke-width=\"2\" stroke-linecap=\"round\" stroke-linejoin=\"round\" xmlns=\"http:\/\/www.w3.org\/2000\/svg\"  aria-hidden=\"true\"><path d=\"M22 11.08V12a10 10 0 1 1-5.93-9.14\"\/><polyline points=\"22 4 12 14.01 9 11.01\"\/><\/svg><\/span><span class=\"kt-svg-icon-list-text\">Sichere Schulwege mit einem Miteinander von PKW-Verkehr, Fahrradfahrende und Fu\u00dfg\u00e4ngerinnen und Fu\u00dfg\u00e4nger. Fahrradstra\u00dfen, wo sie sinnvoll sind.<\/span><\/li>\n\n\n<style>.kt-svg-icon-list-item-1486_611d86-e0 .kt-svg-icon-list-text mark.kt-highlight{background-color:unset;font-style:normal;color:#f76a0c;-webkit-box-decoration-break:clone;box-decoration-break:clone;padding-top:0px;padding-right:0px;padding-bottom:0px;padding-left:0px;}<\/style>\n<li class=\"wp-block-kadence-listitem kt-svg-icon-list-item-wrap kt-svg-icon-list-item-1486_611d86-e0\"><span class=\"kb-svg-icon-wrap kb-svg-icon-fe_checkCircle kt-svg-icon-list-single\"><svg viewBox=\"0 0 24 24\"  fill=\"none\" stroke=\"currentColor\" stroke-width=\"2\" stroke-linecap=\"round\" stroke-linejoin=\"round\" xmlns=\"http:\/\/www.w3.org\/2000\/svg\"  aria-hidden=\"true\"><path d=\"M22 11.08V12a10 10 0 1 1-5.93-9.14\"\/><polyline points=\"22 4 12 14.01 9 11.01\"\/><\/svg><\/span><span class=\"kt-svg-icon-list-text\">Beste Lernbedingungen f\u00fcr jedes Kind. Daher werden in den n\u00e4chsten Jahren nahezu alle Schulen modernisiert. Und auch die Pl\u00e4tze in der Kinderbetreuung m\u00fcssen konsequent ausgebaut werden.<\/span><\/li>\n\n\n<style>.kt-svg-icon-list-item-1486_c7331f-29 .kt-svg-icon-list-text mark.kt-highlight{background-color:unset;font-style:normal;color:#f76a0c;-webkit-box-decoration-break:clone;box-decoration-break:clone;padding-top:0px;padding-right:0px;padding-bottom:0px;padding-left:0px;}<\/style>\n<li class=\"wp-block-kadence-listitem kt-svg-icon-list-item-wrap kt-svg-icon-list-item-1486_c7331f-29\"><span class=\"kb-svg-icon-wrap kb-svg-icon-fe_checkCircle kt-svg-icon-list-single\"><svg viewBox=\"0 0 24 24\"  fill=\"none\" stroke=\"currentColor\" stroke-width=\"2\" stroke-linecap=\"round\" stroke-linejoin=\"round\" xmlns=\"http:\/\/www.w3.org\/2000\/svg\"  aria-hidden=\"true\"><path d=\"M22 11.08V12a10 10 0 1 1-5.93-9.14\"\/><polyline points=\"22 4 12 14.01 9 11.01\"\/><\/svg><\/span><span class=\"kt-svg-icon-list-text\">Erhalt und Pflege des Beckumer Freibades und des Hallenbades!<\/span><\/li>\n\n\n<style>.kt-svg-icon-list-item-1486_077b4f-59 .kt-svg-icon-list-text mark.kt-highlight{background-color:unset;font-style:normal;color:#f76a0c;-webkit-box-decoration-break:clone;box-decoration-break:clone;padding-top:0px;padding-right:0px;padding-bottom:0px;padding-left:0px;}<\/style>\n<li class=\"wp-block-kadence-listitem kt-svg-icon-list-item-wrap kt-svg-icon-list-item-1486_077b4f-59\"><span class=\"kb-svg-icon-wrap kb-svg-icon-fe_checkCircle kt-svg-icon-list-single\"><svg viewBox=\"0 0 24 24\"  fill=\"none\" stroke=\"currentColor\" stroke-width=\"2\" stroke-linecap=\"round\" stroke-linejoin=\"round\" xmlns=\"http:\/\/www.w3.org\/2000\/svg\"  aria-hidden=\"true\"><path d=\"M22 11.08V12a10 10 0 1 1-5.93-9.14\"\/><polyline points=\"22 4 12 14.01 9 11.01\"\/><\/svg><\/span><span class=\"kt-svg-icon-list-text\">Mehr Wohnraum: Einzelh\u00e4user, Mehrgenerationenh\u00e4user, (Senioren-)Wohnprojekte in gemeinschaftlicher Tr\u00e4gerschaft, usw. sollen m\u00f6glich sein.<\/span><\/li>\n\n\n<style>.kt-svg-icon-list-item-1486_aa23d1-08 .kt-svg-icon-list-text mark.kt-highlight{background-color:unset;font-style:normal;color:#f76a0c;-webkit-box-decoration-break:clone;box-decoration-break:clone;padding-top:0px;padding-right:0px;padding-bottom:0px;padding-left:0px;}<\/style>\n<li class=\"wp-block-kadence-listitem kt-svg-icon-list-item-wrap kt-svg-icon-list-item-1486_aa23d1-08\"><span class=\"kb-svg-icon-wrap kb-svg-icon-fe_checkCircle kt-svg-icon-list-single\"><svg viewBox=\"0 0 24 24\"  fill=\"none\" stroke=\"currentColor\" stroke-width=\"2\" stroke-linecap=\"round\" stroke-linejoin=\"round\" xmlns=\"http:\/\/www.w3.org\/2000\/svg\"  aria-hidden=\"true\"><path d=\"M22 11.08V12a10 10 0 1 1-5.93-9.14\"\/><polyline points=\"22 4 12 14.01 9 11.01\"\/><\/svg><\/span><span class=\"kt-svg-icon-list-text\">St\u00e4rkung und Ausbau des St.-Elisabeth-Hospitals und der \u00e4rztlichen Versorgung vor Ort!<\/span><\/li>\n<\/ul><\/div>\n","protected":false},"excerpt":{"rendered":"<p>F\u00fcr eine lebenswerte, charmante Stadt Am 14. September 2025 trete ich wieder f\u00fcr den Wahlbezirk 8 in Beckum als Ratskandidat an: Ich selbst wohne im Beckumer S\u00fcden und hier liegt auch mein Wahlbezirk. Damit alle auch zuk\u00fcnftig in unserer Stadt gut leben k\u00f6nnen, setze ich mich vor allem f\u00fcr folgende Schwerpunktthemen ein:<\/p>\n","protected":false},"author":1,"featured_media":0,"parent":0,"menu_order":0,"comment_status":"closed","ping_status":"closed","template":"","meta":{"footnotes":""},"class_list":["post-1486","page","type-page","status-publish","hentry"],"_links":{"self":[{"href":"http:\/\/rudolf-grothues.de\/index.php?rest_route=\/wp\/v2\/pages\/1486","targetHints":{"allow":["GET"]}}],"collection":[{"href":"http:\/\/rudolf-grothues.de\/index.php?rest_route=\/wp\/v2\/pages"}],"about":[{"href":"http:\/\/rudolf-grothues.de\/index.php?rest_route=\/wp\/v2\/types\/page"}],"author":[{"embeddable":true,"href":"http:\/\/rudolf-grothues.de\/index.php?rest_route=\/wp\/v2\/users\/1"}],"replies":[{"embeddable":true,"href":"http:\/\/rudolf-grothues.de\/index.php?rest_route=%2Fwp%2Fv2%2Fcomments&post=1486"}],"version-history":[{"count":6,"href":"http:\/\/rudolf-grothues.de\/index.php?rest_route=\/wp\/v2\/pages\/1486\/revisions"}],"predecessor-version":[{"id":1510,"href":"http:\/\/rudolf-grothues.de\/index.php?rest_route=\/wp\/v2\/pages\/1486\/revisions\/1510"}],"wp:attachment":[{"href":"http:\/\/rudolf-grothues.de\/index.php?rest_route=%2Fwp%2Fv2%2Fmedia&parent=1486"}],"curies":[{"name":"wp","href":"https:\/\/api.w.org\/{rel}","templated":true}]}}